ghest common divisor of 2 and o?
2
Suppose 42 = 3*v - 4*c, v - c = -v + 23. Calculate the greatest common divisor of v and 80.
10
Let n be 0 + (1 + -4 - -15). Calculate the highest common divisor of 18 and n.
6
Suppose 10*b - 3*u = 6*b + 115, 138 = 5*b + 2*u. Let y(q) = q + 2. Let w be y(5). Calculate the greatest common divisor of b and w.
7
Let p be -84*(-3)/(4 + -1). Calculate the highest common factor of 21 and p.
21
Let n(s) = -8*s. Let c be n(-5). Calculate the greatest common divisor of 5 and c.
5
Suppose 7*s - 40 = 2*s. Calculate the greatest common factor of s and 40.
8
Suppose 0 = -8*f + 6*f + 160. Calculate the greatest common divisor of f and 10.
10
Let s be (-16)/12*(-93)/2 + 2. What is the greatest common divisor of s and 4?
4
Suppose -4*c + 2*c + 12 = 4*v, -4*c - 4 = v. Let n = 22 + v. Suppose -8 = -2*m + n. Calculate the highest common factor of m and 51.
17
Let m be 12 - (1 - -2 - 0). Suppose 57 - 3 = 2*x. Calculate the highest common divisor of m and x.
9
Let v = 16 + -7. Let u be (-18)/v*1*-7. Calculate the highest common factor of 126 and u.
14
Let m(c) = -c + 4. Let d be m(0). Suppose 11 = 4*g + 3*w - 33, d = w. Suppose -2*y + 2*p = -14, y + 2*p = -4*y. Calculate the highest common divisor of y and g.
2
Let a(t) = -2*t - 12. Let j be a(-8). Suppose 1 = -j*k - 3*z, 0 = -5*k - 5*z - 5. Suppose 9 = k*o + 1. Calculate the greatest common factor of 4 and o.
4
Suppose -6*f + 2*f + 177 = 3*t, -3*f - 2*t = -132. What is the highest common divisor of f and 105?
21
Let l be (-4)/(-3 - -2 - (1 + -1)). What is the highest common factor of l and 12?
4
Let q be (12/24)/((-2)/(-36)). Calculate the greatest common factor of q and 27.
9
Let b be 14/(4*3/6). Calculate the highest common divisor of 7 and b.
7
Let d(u) = 15*u**2 - 4*u. Let t be d(-3). Suppose -8*o = 7*o - 315. Calculate the greatest common divisor of t and o.
21
Suppose -5*s + 165 = l, -10*l + 5*l = -2*s + 39. Suppose 1155 = 4*r + 3*a, -604 = -5*r - 5*a + 841. What is the highest common divisor of s and r?
32
Suppose -100 = 5*d - 10*d. Suppose 0*p + 4*p - d = 0. Suppose s - p*s + 44 = 0. Calculate the greatest common factor of 11 and s.
11
Suppose -5*o + o + 224 = 0. What is the greatest common factor of 7 and o?
7
Let m = -41 - -91. Calculate the highest common factor of 10 and m.
10
Let k(m) = -5*m**3 - 2*m**2 - 10*m. Let u(c) = -4*c**3 - c**2 - 9*c. Let l(z) = 5*k(z) - 6*u(z). Let a be l(-7). What is the highest common divisor of a and 17?
17
Let u(n) = n**2 - 15*n + 20. Let y be u(14). What is the greatest common divisor of 96 and y?
6
Suppose 0 = -2*b - 5*w, -6*w + 4*w - 18 = -b. Calculate the highest common divisor of b and 15.
5
Let g(p) = 2*p**2 - 4*p + 2. Let y be g(2). Suppose 0 = 3*f + y*f - 240. What is the greatest common divisor of f and 6?
6
Let m(c) = -53*c - 1. Let l be m(-1). Suppose -6*w + 2*w = -l. Let j be (-1)/4 - 583/(-44). Calculate the highest common divisor of j and w.
13
Suppose 0 = -5*g + g. Suppose 6 = 4*r + 2*x - 16, 5*r + x - 23 = g. What is the highest common divisor of 8 and r?
4
Let r(f) = -75*f**3 + 2*f**2 + f. Let h be r(-1). What is the highest common factor of h and 19?
19
Suppose -5*o + 0 + 10 = 0. Suppose -o*p + 1 + 9 = 0. Let n = 4 - -6. What is the greatest common divisor of p and n?
5
Suppose m - 3*k - 11 = -0*m, -4*k + 12 = 4*m. Suppose u = m*v - 75 - 1, 2*v - 33 = 3*u. Calculate the greatest common divisor of 105 and v.
15
Suppose 12 = 6*o - 12. What is the greatest common divisor of o and 8?
4
Let y be (-54)/(-5) + 4/20. Suppose 9 + 7 = 4*k, 0 = -4*a + 5*k - 12. Let s be 1*(123 + a/(-1)). What is the highest common divisor of s and y?
11
Let m(u) = u**3 - 7*u**2 + 8*u - 11. Let k be m(8). What is the highest common divisor of 13 and k?
13
Suppose 3*z + 0*c + 2*c - 257 = 0, -424 = -5*z + c. Let g = -31 - -24. Let v = g + 24. Calculate the greatest common factor of z and v.
17
Let h(q) = -q - 4. Let k be h(-4). Suppose 0*s - s + 50 = k. What is the highest common divisor of s and 20?
10
Let l be 35/21*135/25. Let r(k) = 27*k**2. Let m be r(1). What is the highest common factor of l and m?
9
Let y = -242 - -244. Let g be 1/2*88/2. What is the greatest common factor of g and y?
2
Let g be (2 + -1 - -1) + 70. Suppose 0*q - 2*q = -g. Calculate the highest common divisor of q and 12.
12
Let z be (-5)/((-15)/(-2)) + (-152)/(-12). Let t(u) = -5*u + 1. Let d be t(-1). What is the greatest common factor of d and z?
6
Suppose -2*b - 6 = -12. Calculate the highest common divisor of b and 9.
3
Let w = -1 - -17. Let m(l) = l**3 + 2*l**2 + 2. Let h be m(-2). Calculate the highest common divisor of w and h.
2
Suppose -r - 3*r + 252 = 0. Let v = r + -28. Let a be (-50)/(-3)*42/v. Calculate the greatest common factor of 8 and a.
4
Suppose 0 = -5*n + 6*n - 15. What is the highest common factor of n and 15?
15
Let n = 115 + -100. What is the greatest common divisor of n and 105?
15
Let h be 14/4 + 6/(-4). Let b = h - -13. Calculate the greatest common factor of b and 75.
15
Let r be ((-3)/(-2) - 2)/((-14)/1764). Calculate the greatest common divisor of 21 and r.
21
Suppose -r - 45 = -4*r + 3*a, 0 = 3*r + a - 57. What is the highest common factor of 18 and r?
18
Let i be (1/3)/(8/2640*10). What is the greatest common factor of i and 11?
11
Let l(x) = -x - 3. Let a(t) = 6*t - 1. Let u be a(-1). Let c be l(u). What is the greatest common divisor of c and 44?
4
Suppose 0 = -0*d + 5*d - 25. Suppose -d*f - 87 + 10 = -2*q, 2*q - 70 = -2*f. What is the highest common divisor of 12 and q?
12
Suppose -2*h - 147 = -3*w, 98 = 2*w - 0*h + 2*h. Suppose k + 3*k = 16. Suppose -k = -z + 3. What is the highest common divisor of z and w?
7
Suppose 5*c + 259 = 4*w, -3*w - c + 4*c = -195. Suppose z - 7 + 1 = 0. What is the highest common divisor of z and w?
6
Suppose 8 + 12 = 4*m. Suppose m*i = 105 + 45. Calculate the highest common factor of 12 and i.
6
Let j(r) = -2*r**2 + 6*r + 1. Let x be j(6). Let n = x + 55. Calculate the highest common factor of n and 180.
20
Suppose 0 = -2*z + 47 + 19. Suppose -16 = -5*v - 1, 0 = -5*y - v + 13. Let d = 5 - y. What is the highest common divisor of z and d?
3
Let l be 2/(-7) + (-2483)/(-91). What is the highest common divisor of l and 54?
27
Let y be -1 - -6*(-10)/(-3). Let g(n) = n**3 + 2*n**2 + 3. Let z be g(2). Calculate the greatest common divisor of z and y.
19
Let u = -253 - -500. What is the highest common factor of u and 13?
13
Let l be (3/1)/((-9)/(-24)). Suppose 4*a = l + 4. What is the highest common divisor of a and 3?
3
Suppose 2*v - 2*j + j = 19, -4*j = 3*v - 45. Calculate the greatest common divisor of v and 44.
11
Let b be (1*-1)/((-7)/14). Suppose b*a - 3 = 7. Suppose -3*v = -v + a*t - 271, -2*v = -2*t - 292. Calculate the greatest common divisor of v and 13.
13
Let c be (9/(-2))/((-2)/(-28)). Let h be 14/c - (-76)/18. What is the highest common factor of h and 28?
4
Let o = -92 + 132. Calculate the highest common factor of o and 40.
40
Let q = -7 - -7. Let m be q - (2 + -1)*-12. What is the highest common divisor of m and 36?
12
Let p(c) = -41*c + 4. Let j be p(-5). Let w = -145 - -164. Calculate the highest common divisor of w and j.
19
Let c(r) = 5*r - 5 + 1 + 0. Let w be c(3). Let k = -185 - -306. Calculate the greatest common factor of k and w.
11
Let h(l) = 9*l + 17. Suppose 3*z + 3*t - 9 = 9, 0 = -5*z - 3*t + 32. Let y be h(z). What is the highest common divisor of y and 16?
16
Let p(y) = -2*y**2 + 2*y + 1. Suppose 0 = -5*s - 5 - 0. Let i be p(s). Let l be -3*(-2 - (-1)/i). What is the highest common factor of 49 and l?
7
Suppose 4*b - 5*b = -18. Let a be (-4)/(-18) - (-158)/b. What is the greatest common divisor of a and 72?
9
Let m = 3 - 6. Let g(b) = b**3 + 7*b**2 + 4*b + 1. Let q be g(m). Suppose -4*z = -12, -5*z + q = 2*w + 3*w. What is the highest common divisor of 1 and w?
1
Let y(q) = -q**2 + 10*q - 18. Let x be y(6). Calculate the greatest common factor of 2 and x.
2
Let s(l) be the first derivative of l**3/3 + l**2/2 - l + 7. Let x = 12 - 8. Let m be s(x). What is the greatest common factor of 171 and m?
19
Suppose 3*w + 2*k - 53 = -13, -2*w + 4*k = -16. Calculate the highest common divisor of 30 and w.
6
Let f(r) = 18*r**2 + r + 2. Let y be f(-1). Let u = y + 11. What is the highest common div